of g.
3, 13
Let b be -1 + (1 - -1) + (-3)/(-1). Suppose b*h - 284 + 107 = -5*z, -210 = -5*h + 5*z. What are the prime factors of h?
43
Let k = 67 + -63. Suppose 4*d + a = 183, -k*a + 188 = 4*d - 8*a. List the prime factors of d.
2, 23
Let t be (13/(-2))/((-2)/8). Suppose 5*r = x - 7884, -5*x + 6320 = -4*r - x. What are the prime factors of (-4)/t - r/104?
3, 5
Let l = 45 + -45. What are the prime factors of (-2 - l)*-60 - -3?
3, 41
Suppose -3263 = -4*v + 5*b, -4*b + 3*b + 827 = v. List the prime factors of v.
2, 3, 137
Let x(y) = 2*y**2 - 7*y - 7. Let o(n) = n**2 + 1. Let q(u) = o(u) - x(u). Let m(s) be the first derivative of q(s). List the prime factors of m(-5).
17
Let j = -26 + 31. Suppose -370 + 1020 = j*t. What are the prime factors of t?
2, 5, 13
Let r(c) = 309*c - 877. What are the prime factors of r(11)?
2, 13, 97
Let b(p) = -71*p + 99. List the prime factors of b(-5).
2, 227
Let c be 2/7 - (-150)/(-35). Let o = 25 - c. Suppose o = 2*v + 3*s, 0*s + 5 = s. What are the prime factors of v?
7
Let r(q) = -6*q + 29. Let s(k) = -18*k + 87. Let l(g) = -17*r(g) + 6*s(g). List the prime factors of l(-9).
83
Suppose 0 = 22*q + 6544 - 48168. What are the prime factors of q?
2, 11, 43
Let f = 507 - 82. What are the prime factors of f?
5, 17
Let s(r) = 4*r**2 - 9 + 3 + 10*r - 3*r**2 + 1. Let j be s(-11). What are the prime factors of -27*((-26)/j - -4)?
3
Let z(b) = 13*b + 2. Suppose 4*m + u = 7, -u - 2*u - 15 = 0. What are the prime factors of z(m)?
41
Let o(k) = k + 268. What are the prime factors of o(5)?
3, 7, 13
Let s = -38 + 78. Suppose -y + 0*y = -s. Suppose 0*z + y = z. List the prime factors of z.
2, 5
What are the prime factors of (-9970)/(-8)*(-80)/(-50)?
2, 997
Suppose -3*t = -0*t - 84. Suppose 0 = 2*o + 2*b - t, 2*b - 65 = -3*o - 24. List the prime factors of o.
13
Let t = -1334 - -2386. Let d = -729 + t. What are the prime factors of d?
17, 19
Let z be -4 - (-1 + (-14)/(-6))*-3. Suppose 5*r + 4*m - 365 = 0, z*m + 128 = 2*r - 2*m. List the prime factors of r.
3, 23
Suppose -54*f + 55*f - 374 = 0. Suppose -j + a + 185 = -a, f = 2*j - 3*a. What are the prime factors of j?
193
Let f(v) = v**3 - 12*v**2 - 5*v - 41. Let p be f(18). Suppose -516 = 5*t + y - p, -y - 3 = 0. List the prime factors of t.
2, 5, 13
Let c = 20 + -16. Let o(b) = -3 - c*b - 3 - 4 - 4. List the prime factors of o(-10).
2, 13
Let r(h) = 2*h - 6. Let v be r(5). Suppose v = -3*s - s. Let f(z) = 14*z**2 + z. List the prime factors of f(s).
13
Suppose 17*k - 14303 + 2709 = 0. What are the prime factors of k?
2, 11, 31
Let l be (3/9)/(4/(-24)). Let v be 31/((-1)/(2/l)). Suppose 3*g + 2*m = -0*m + 65, -4*m = -g + v. List the prime factors of g.
23
Let x = 5194 - 2744. What are the prime factors of x?
2, 5, 7
Let i(f) = -6*f**3 + 7*f**2 + 13*f - 1. List the prime factors of i(-5).
859
Let b be ((-15)/3)/(2/(-10)). Suppose -2*p + 175 = 3*t, -9*p = -5*t - 8*p + 270. Let v = b + t. List the prime factors of v.
2, 5
Let v be 3/(-5) + 1330/50. Let x = -26 + v. Suppose x = -w - 0*w + 44. List the prime factors of w.
2, 11
Let u be (-8)/(-16)*(0 - -6). Let n = 13 + u. What are the prime factors of n?
2
Let o = -429 + 1268. What are the prime factors of o?
839
Let t = 3 + -6. Let p be -16*t/9*-3. List the prime factors of (-15)/9*(p - 2).
2, 3, 5
Suppose 2*t + 2*n = 2882, 2*t + 4*n = 5*t - 4337. List the prime factors of t.
3, 13, 37
Let t be (-4)/10 - (-12)/5. Suppose t*n - 3*n = 6. List the prime factors of n/(-4) - (-270)/12.
2, 3
Suppose 182 = -3*b - 376. Let i = 300 + b. What are the prime factors of i?
2, 3, 19
Let v be (-49)/(-6) + (-2)/12. Suppose -v*t = -8 - 512. List the prime factors of t.
5, 13
Suppose -3*l - 9 = 0, -4*u + 3*u = 3*l - 5. Let j be (-16)/(-9) + 4/18. List the prime factors of 6/j + 0 + u.
17
Suppose 0 = -5*g - 10 + 35. Suppose -4*q = 3*h + 11, 2*h - 7 - 1 = g*q. List the prime factors of -3 + (-1 - h - -18).
3, 5
Let o = 51 + -33. Let k be o/(-15)*50/(-4). List the prime factors of -15*(27/k + -3).
2, 3
Let p = -17 + 9. What are the prime factors of 38/p*9*-4?
3, 19
Let h(n) = n - 14. Let a be h(16). Suppose 0 = -a*q + 3*d + 13, -3*q + 2*d = -5*q + 8. Suppose -q*l = -40 - 235. What are the prime factors of l?
5, 11
Suppose 3*r = 2*r - 18. Let n = -8 - r. Let u = n - -31. What are the prime factors of u?
41
Let s(a) = 11*a**2 - a - 7. List the prime factors of s(7).
3, 5, 7
Suppose 9 = -2*r + 1, 12 = 4*m - r. Suppose -3*q - 53 = b - 2*b, 0 = m*q + 2*b + 22. Let k = 28 + q. What are the prime factors of k?
2, 3
Suppose -77431 = -47*z + 34805. List the prime factors of z.
2, 3, 199
Let x = 2795 + -1523. List the prime factors of x.
2, 3, 53
Let s(p) = -p - 4. Let h be s(-7). Let n be (-10)/h*(-72)/1. Suppose -n = -6*r + 66. What are the prime factors of r?
3, 17
Let s = -19 - -67. Suppose y - 20 = s. What are the prime factors of y?
2, 17
Let c = 42 + -32. Let o(q) = 2*q**2 - 13*q + 19. What are the prime factors of o(c)?
89
Suppose 8*z - 7120 = 4*z. List the prime factors of z.
2, 5, 89
Let w(r) = 1. Let d(b) = 11*b - 2. Let q(f) = d(f) - 6*w(f). What are the prime factors of q(9)?
7, 13
Let g(f) = 2*f**3 - 3*f**2 + f + 5. Let j be g(2). Suppose 2*i - 4*y + 68 + 18 = 0, 3*y + 18 = -i. What are the prime factors of (-6)/i - (-185)/j?
17
Let p = -312 - -191. Let j = 172 + p. Suppose -4*q + 51 + j = u, q + 2*u = 22. List the prime factors of q.
2, 13
Let v(i) = 118*i**2 + 21*i + 65. What are the prime factors of v(-3)?
2, 7, 19
Let h(s) = -s + 4. Let f be h(6). Let p(c) = -42*c - 11. What are the prime factors of p(f)?
73
Let u(w) = w**2 + 6*w + 1. Let t be u(-7). Let b = -1 - 1. Let a = t - b. List the prime factors of a.
2, 5
Let g(b) = -14 - b**3 - b**2 + 33*b - 16*b + 12*b**2. Suppose -3*v - 2*k + 34 = 0, 0*k = -5*v - 5*k + 55. What are the prime factors of g(v)?
2, 23
Let s(d) = 15*d + 7. Let z(p) = -16*p - 8. Let x(n) = 4*s(n) + 3*z(n). List the prime factors of x(2).
2, 7
Suppose 421 = -4*v + 157. List the prime factors of (-598)/(-22) + ((-36)/v)/(-3).
3
Let n(y) = y + 11. Let f be n(-6). Suppose 2*z + 62 = 5*d + f*z, -55 = -4*d + 3*z. What are the prime factors of d?
13
Suppose -5*u + 3085 = 148*c - 150*c, 0 = -4*u - 3*c + 2468. List the prime factors of u.
617
Let i(y) = 93*y + 5. Let j be i(-1). List the prime factors of (j/10)/((-38)/95).
2, 11
Suppose -260*g = -242*g - 6822. List the prime factors of g.
379
Let i = 47 - 31. Suppose -i = -3*r - 7. List the prime factors of (r - 158)*(-2)/5.
2, 31
Suppose -12 = -5*v + y - 3*y, -2*v + 24 = -4*y. Suppose v*t = -i + 27, -i - 4*t + 6*t + 27 = 0. List the prime factors of i.
3
Let p = 1 - 1. Suppose 8*b = 2*b + 72. What are the prime factors of b/((-2)/(-6) + p)?
2, 3
Let u = -43 - -33. Let q(m) = 2*m**2 + 16*m + 6. List the prime factors of q(u).
2, 23
Let d = 3 - -2. Suppose 4*x - 442 = 2*u, -2*u + u = d. What are the prime factors of x?
2, 3
Let y(d) = 2*d**2 + 4*d + 2. Let a be y(-2). Suppose -a*i + 28 = h, -74 = -4*h - i + 3. List the prime factors of h.
2, 3
Let v(p) = 222*p - 255. What are the prime factors of v(7)?
3, 433
Let j(y) = -2729*y + 27. List the prime factors of j(-1).
2, 13, 53
Let f(p) be the first derivative of p**4/4 + 11*p**3/3 + p**2 - 3*p + 24. List the prime factors of f(-9).
3, 47
Suppose 6*h - 27 + 9 = 0. Suppose 0 = h*i, 0*l - 3*l + 5*i + 420 = 0. What are the prime factors of l?
2, 5, 7
What are the prime factors of (17/2)/(9 + (-3130)/348)?
3, 17, 29
Let f(o) = -329*o**3 - 3*o**2 - 5*o - 3. What are the prime factors of f(-1)?
2, 41
Let k(z) = 4*z**3 - 4*z**2 + 5*z**3 - 4*z**3 - 4*z**3 + 4*z. Let r be k(4). Suppose -r = -2*h + h. List the prime factors of h.
2
Suppose 2*o - o - 3*m = 24, 12 = 2*o + 3*m. Let p = -14 + o. List the prime factors of p/7 - 456/(-28).
2
Suppose -5*h + 0 - 30 = 0. Let q be (h/(-9))/((-4)/(-78)). List the prime factors of (-1448)/(-52) + 2/q.
2, 7
List the prime factors of 3/75*15 + 19204/10.
17, 113
Suppose -2*m = -5*m + 6. Suppose 117 = m*b - 23. What are the prime factors of b?
2, 5, 7
Suppose -3*q + 4*f + 986 = 0, -5*q + 342 = -4*q - 4*f. List the prime factors of q.
2, 7, 23
Suppose 2260 = 5*o - 5*j, -4*o + 12*j - 14*j + 1790 = 0. List the prime factors of o.
449
Suppose 0 = -w + 3*p + 6 + 1, 3*w - 4*p - 16 = 0. Suppose 5*h - w*o - 248 = h